{"id":1424,"date":"2022-03-19T15:02:49","date_gmt":"2022-03-19T13:02:49","guid":{"rendered":"https:\/\/tiviasavo.fi\/new\/?page_id=1424"},"modified":"2023-10-27T19:04:35","modified_gmt":"2023-10-27T16:04:35","slug":"historia","status":"publish","type":"page","link":"https:\/\/tiviasavo.fi\/new\/?page_id=1424","title":{"rendered":"Historia"},"content":{"rendered":"\n<h2 class=\"wp-block-heading\">TIVIA Savo ry historiikki<\/h2>\n\n\n\n<p>Yhdistyksen aikaisempi nimi oli Savo-Karjalan Tietojenk\u00e4sittely-yhdistys ry, joka perustettiin Kuopiossa 26.10.1973. My\u00f6hemmin, vuonna 1983, yhdistyksen nimi vaihdettiin Savon Tietojenk\u00e4sittely-yhdistykseksi ja my\u00f6hemmin Tivia Savoksi.<\/p>\n\n\n\n<p><a href=\"https:\/\/docplayer.fi\/3833542-Savon-tietojenkasittely-yhdistys-ry-historiikki-1973-1983-pentti-tarnanen.html\">https:\/\/docplayer.fi\/3833542-Savon-tietojenkasittely-yhdistys-ry-historiikki-1973-1983-pentti-tarnanen.html<\/a><\/p>\n\n\n\n<div data-wp-interactive=\"core\/file\" class=\"wp-block-file\"><object data-wp-bind--hidden=\"!state.hasPdfPreview\" hidden class=\"wp-block-file__embed\" data=\"https:\/\/tiviasavo.fi\/new\/wp-content\/uploads\/2023\/10\/historiikki.pdf\" type=\"application\/pdf\" style=\"width:100%;height:600px\" aria-label=\"Tiedoston Historiikki-tivia-savo-50-vuotta upotus.\"><\/object><a id=\"wp-block-file--media-80903a98-99e9-4695-80c2-a0b2d2ea81d7\" href=\"https:\/\/tiviasavo.fi\/new\/wp-content\/uploads\/2023\/10\/historiikki.pdf\">Historiikki-tivia-savo-50-vuotta<\/a><a href=\"https:\/\/tiviasavo.fi\/new\/wp-content\/uploads\/2023\/10\/historiikki.pdf\" class=\"wp-block-file__button wp-element-button\" download aria-describedby=\"wp-block-file--media-80903a98-99e9-4695-80c2-a0b2d2ea81d7\"><\/a><\/div>\n\n\n\n<h2 class=\"wp-block-heading\">Hallituskokoonpanoja vuosien varrella<\/h2>\n\n\n\n<figure class=\"wp-block-image size-large\"><a href=\"https:\/\/tiviasavo.fi\/new\/wp-content\/uploads\/2022\/05\/Savotky-hallituksen-jasenet-1973-2003-1-scaled.jpg\"><img loading=\"lazy\" decoding=\"async\" width=\"708\" height=\"1024\" src=\"https:\/\/tiviasavo.fi\/new\/wp-content\/uploads\/2022\/05\/Savotky-hallituksen-jasenet-1973-2003-1-708x1024.jpg\" alt=\"\" class=\"wp-image-1594\" srcset=\"https:\/\/tiviasavo.fi\/new\/wp-content\/uploads\/2022\/05\/Savotky-hallituksen-jasenet-1973-2003-1-708x1024.jpg 708w, https:\/\/tiviasavo.fi\/new\/wp-content\/uploads\/2022\/05\/Savotky-hallituksen-jasenet-1973-2003-1-207x300.jpg 207w, https:\/\/tiviasavo.fi\/new\/wp-content\/uploads\/2022\/05\/Savotky-hallituksen-jasenet-1973-2003-1-768x1111.jpg 768w, https:\/\/tiviasavo.fi\/new\/wp-content\/uploads\/2022\/05\/Savotky-hallituksen-jasenet-1973-2003-1-1061x1536.jpg 1061w, https:\/\/tiviasavo.fi\/new\/wp-content\/uploads\/2022\/05\/Savotky-hallituksen-jasenet-1973-2003-1-1415x2048.jpg 1415w, https:\/\/tiviasavo.fi\/new\/wp-content\/uploads\/2022\/05\/Savotky-hallituksen-jasenet-1973-2003-1-scaled.jpg 1769w\" sizes=\"auto, (max-width: 708px) 100vw, 708px\" \/><\/a><\/figure>\n\n\n\n<h2 class=\"wp-block-heading\">Tivia<\/h2>\n\n\n\n<figure class=\"wp-block-embed\"><div class=\"wp-block-embed__wrapper\">\nhttps:\/\/tivia.fi\/tivia\/tivian-historia\n<\/div><\/figure>\n\n\n\n<p><a href=\"https:\/\/tivia.fi\/tivia\/tivian-historia\">Historia | TIVIA<\/a><\/p>\n\n\n\n<h2 class=\"wp-block-heading\"><\/h2>\n<div class=\"pvc_clear\"><\/div><p id=\"pvc_stats_1424\" class=\"pvc_stats all  \" data-element-id=\"1424\" style=\"\"><i class=\"pvc-stats-icon medium\" aria-hidden=\"true\"><svg aria-hidden=\"true\" focusable=\"false\" data-prefix=\"far\" data-icon=\"chart-bar\" role=\"img\" xmlns=\"http:\/\/www.w3.org\/2000\/svg\" viewBox=\"0 0 512 512\" class=\"svg-inline--fa fa-chart-bar fa-w-16 fa-2x\"><path fill=\"currentColor\" d=\"M396.8 352h22.4c6.4 0 12.8-6.4 12.8-12.8V108.8c0-6.4-6.4-12.8-12.8-12.8h-22.4c-6.4 0-12.8 6.4-12.8 12.8v230.4c0 6.4 6.4 12.8 12.8 12.8zm-192 0h22.4c6.4 0 12.8-6.4 12.8-12.8V140.8c0-6.4-6.4-12.8-12.8-12.8h-22.4c-6.4 0-12.8 6.4-12.8 12.8v198.4c0 6.4 6.4 12.8 12.8 12.8zm96 0h22.4c6.4 0 12.8-6.4 12.8-12.8V204.8c0-6.4-6.4-12.8-12.8-12.8h-22.4c-6.4 0-12.8 6.4-12.8 12.8v134.4c0 6.4 6.4 12.8 12.8 12.8zM496 400H48V80c0-8.84-7.16-16-16-16H16C7.16 64 0 71.16 0 80v336c0 17.67 14.33 32 32 32h464c8.84 0 16-7.16 16-16v-16c0-8.84-7.16-16-16-16zm-387.2-48h22.4c6.4 0 12.8-6.4 12.8-12.8v-70.4c0-6.4-6.4-12.8-12.8-12.8h-22.4c-6.4 0-12.8 6.4-12.8 12.8v70.4c0 6.4 6.4 12.8 12.8 12.8z\" class=\"\"><\/path><\/svg><\/i> <img loading=\"lazy\" decoding=\"async\" width=\"16\" height=\"16\" alt=\"Loading\" src=\"https:\/\/tiviasavo.fi\/new\/wp-content\/plugins\/page-views-count\/ajax-loader-2x.gif\" border=0 \/><\/p><div class=\"pvc_clear\"><\/div>","protected":false},"excerpt":{"rendered":"<p>TIVIA Savo ry historiikki Yhdistyksen aikaisempi nimi oli Savo-Karjalan Tietojenk\u00e4sittely-yhdistys ry, joka perustettiin Kuopiossa 26.10.1973. My\u00f6hemmin, vuonna 1983, yhdistyksen nimi vaihdettiin Savon Tietojenk\u00e4sittely-yhdistykseksi ja my\u00f6hemmin Tivia Savoksi. https:\/\/docplayer.fi\/3833542-Savon-tietojenkasittely-yhdistys-ry-historiikki-1973-1983-pentti-tarnanen.html Hallituskokoonpanoja vuosien [&hellip;]<\/p>\n<div class=\"pvc_clear\"><\/div>\n<p id=\"pvc_stats_1424\" class=\"pvc_stats all  \" data-element-id=\"1424\" style=\"\"><i class=\"pvc-stats-icon medium\" aria-hidden=\"true\"><svg aria-hidden=\"true\" focusable=\"false\" data-prefix=\"far\" data-icon=\"chart-bar\" role=\"img\" xmlns=\"http:\/\/www.w3.org\/2000\/svg\" viewBox=\"0 0 512 512\" class=\"svg-inline--fa fa-chart-bar fa-w-16 fa-2x\"><path fill=\"currentColor\" d=\"M396.8 352h22.4c6.4 0 12.8-6.4 12.8-12.8V108.8c0-6.4-6.4-12.8-12.8-12.8h-22.4c-6.4 0-12.8 6.4-12.8 12.8v230.4c0 6.4 6.4 12.8 12.8 12.8zm-192 0h22.4c6.4 0 12.8-6.4 12.8-12.8V140.8c0-6.4-6.4-12.8-12.8-12.8h-22.4c-6.4 0-12.8 6.4-12.8 12.8v198.4c0 6.4 6.4 12.8 12.8 12.8zm96 0h22.4c6.4 0 12.8-6.4 12.8-12.8V204.8c0-6.4-6.4-12.8-12.8-12.8h-22.4c-6.4 0-12.8 6.4-12.8 12.8v134.4c0 6.4 6.4 12.8 12.8 12.8zM496 400H48V80c0-8.84-7.16-16-16-16H16C7.16 64 0 71.16 0 80v336c0 17.67 14.33 32 32 32h464c8.84 0 16-7.16 16-16v-16c0-8.84-7.16-16-16-16zm-387.2-48h22.4c6.4 0 12.8-6.4 12.8-12.8v-70.4c0-6.4-6.4-12.8-12.8-12.8h-22.4c-6.4 0-12.8 6.4-12.8 12.8v70.4c0 6.4 6.4 12.8 12.8 12.8z\" class=\"\"><\/path><\/svg><\/i> <img loading=\"lazy\" decoding=\"async\" width=\"16\" height=\"16\" alt=\"Loading\" src=\"https:\/\/tiviasavo.fi\/new\/wp-content\/plugins\/page-views-count\/ajax-loader-2x.gif\" border=0 \/><\/p>\n<div class=\"pvc_clear\"><\/div>\n","protected":false},"author":8,"featured_media":0,"parent":0,"menu_order":0,"comment_status":"closed","ping_status":"closed","template":"","meta":{"_EventAllDay":false,"_EventTimezone":"","_EventStartDate":"","_EventEndDate":"","_EventStartDateUTC":"","_EventEndDateUTC":"","_EventShowMap":false,"_EventShowMapLink":false,"_EventURL":"","_EventCost":"","_EventCostDescription":"","_EventCurrencySymbol":"","_EventCurrencyCode":"","_EventCurrencyPosition":"","_EventDateTimeSeparator":"","_EventTimeRangeSeparator":"","_EventOrganizerID":[],"_EventVenueID":[],"_OrganizerEmail":"","_OrganizerPhone":"","_OrganizerWebsite":"","_VenueAddress":"","_VenueCity":"","_VenueCountry":"","_VenueProvince":"","_VenueState":"","_VenueZip":"","_VenuePhone":"","_VenueURL":"","_VenueStateProvince":"","_VenueLat":"","_VenueLng":"","_VenueShowMap":false,"_VenueShowMapLink":false,"footnotes":""},"class_list":["post-1424","page","type-page","status-publish","hentry"],"a3_pvc":{"activated":true,"total_views":609,"today_views":0},"_links":{"self":[{"href":"https:\/\/tiviasavo.fi\/new\/index.php?rest_route=\/wp\/v2\/pages\/1424","targetHints":{"allow":["GET"]}}],"collection":[{"href":"https:\/\/tiviasavo.fi\/new\/index.php?rest_route=\/wp\/v2\/pages"}],"about":[{"href":"https:\/\/tiviasavo.fi\/new\/index.php?rest_route=\/wp\/v2\/types\/page"}],"author":[{"embeddable":true,"href":"https:\/\/tiviasavo.fi\/new\/index.php?rest_route=\/wp\/v2\/users\/8"}],"replies":[{"embeddable":true,"href":"https:\/\/tiviasavo.fi\/new\/index.php?rest_route=%2Fwp%2Fv2%2Fcomments&post=1424"}],"version-history":[{"count":13,"href":"https:\/\/tiviasavo.fi\/new\/index.php?rest_route=\/wp\/v2\/pages\/1424\/revisions"}],"predecessor-version":[{"id":3502,"href":"https:\/\/tiviasavo.fi\/new\/index.php?rest_route=\/wp\/v2\/pages\/1424\/revisions\/3502"}],"wp:attachment":[{"href":"https:\/\/tiviasavo.fi\/new\/index.php?rest_route=%2Fwp%2Fv2%2Fmedia&parent=1424"}],"curies":[{"name":"wp","href":"https:\/\/api.w.org\/{rel}","templated":true}]}}